{"id":66,"date":"2019-08-16T11:42:07","date_gmt":"2019-08-16T11:42:07","guid":{"rendered":"https:\/\/Legendenraeuber.de\/?page_id=66"},"modified":"2019-09-06T09:50:21","modified_gmt":"2019-09-06T09:50:21","slug":"regelwerk","status":"publish","type":"page","link":"https:\/\/Legendenraeuber.de\/?page_id=66","title":{"rendered":"Regeln"},"content":{"rendered":"\t\t<div data-elementor-type=\"wp-post\" data-elementor-id=\"66\" class=\"elementor elementor-66\" data-elementor-settings=\"[]\">\n\t\t\t\t\t\t<div class=\"elementor-inner\">\n\t\t\t\t\t\t\t<div class=\"elementor-section-wrap\">\n\t\t\t\t\t\t\t<section class=\"elementor-section elementor-top-section elementor-element elementor-element-e733f32 elementor-section-boxed elementor-section-height-default elementor-section-height-default\" data-id=\"e733f32\" data-element_type=\"section\">\n\t\t\t\t\t\t<div class=\"elementor-container elementor-column-gap-default\">\n\t\t\t\t\t\t\t<div class=\"elementor-row\">\n\t\t\t\t\t<div class=\"elementor-column elementor-col-100 elementor-top-column elementor-element elementor-element-684061e\" data-id=\"684061e\" data-element_type=\"column\">\n\t\t\t<div class=\"elementor-column-wrap elementor-element-populated\">\n\t\t\t\t\t\t\t<div class=\"elementor-widget-wrap\">\n\t\t\t\t\t\t<div class=\"elementor-element elementor-element-f42a56f elementor-widget elementor-widget-heading\" data-id=\"f42a56f\" data-element_type=\"widget\" data-widget_type=\"heading.default\">\n\t\t\t\t<div class=\"elementor-widget-container\">\n\t\t\t<h5 class=\"elementor-heading-title elementor-size-xl\">Regeln<\/h5>\t\t<\/div>\n\t\t\t\t<\/div>\n\t\t\t\t\t\t<\/div>\n\t\t\t\t\t<\/div>\n\t\t<\/div>\n\t\t\t\t\t\t\t\t<\/div>\n\t\t\t\t\t<\/div>\n\t\t<\/section>\n\t\t\t\t<section class=\"elementor-section elementor-top-section elementor-element elementor-element-699d257 elementor-section-boxed elementor-section-height-default elementor-section-height-default\" data-id=\"699d257\" data-element_type=\"section\">\n\t\t\t\t\t\t<div class=\"elementor-container elementor-column-gap-default\">\n\t\t\t\t\t\t\t<div class=\"elementor-row\">\n\t\t\t\t\t<div class=\"elementor-column elementor-col-66 elementor-top-column elementor-element elementor-element-53e9208\" data-id=\"53e9208\" data-element_type=\"column\">\n\t\t\t<div class=\"elementor-column-wrap elementor-element-populated\">\n\t\t\t\t\t\t\t<div class=\"elementor-widget-wrap\">\n\t\t\t\t\t\t<div class=\"elementor-element elementor-element-7a06872 elementor-widget elementor-widget-text-editor\" data-id=\"7a06872\" data-element_type=\"widget\" data-widget_type=\"text-editor.default\">\n\t\t\t\t<div class=\"elementor-widget-container\">\n\t\t\t\t\t<div class=\"elementor-text-editor elementor-clearfix\"><p>Um ein sch\u00f6nes Spielerlebnis zu haben sind gewisse Regeln notwendig:<\/p><ul><li>Bel\u00e4stigung von Mitspielern wird nicht geduldet!<\/li><li>Es ist eine Hauptbase und ein Au\u00dfenposten (8x8Foundations\/10W\u00e4nde hoch) erlaubt.\u00a0<\/li><li>Es ist nicht erlaubt Werbung f\u00fcr andere Server\/Communities zu machen.<\/li><li>Bitte bebaut nur so viel Land, wie ihr braucht.<\/li><li>Entfernt eure alte Base nach einem Umzug (m\u00f6glichst z\u00fcgig)<\/li><li>Ein dem Spiel angemessener Name wird vorausgesetzt!<\/li><li>Gesunder Menschenverstand ebenso \ud83d\ude09\u00a0<\/li><li>NPC Spawns, Gebiete mit seltenen Ressourcen und Orte an denen man etwas erlernen kann d\u00fcrfen <span style=\"text-decoration: underline;\">NICHT<\/span> bebaut werden (mind. 30Bl\u00f6cke Abstand).<\/li><li>Beleidigungen jeglicher Art sowie rassistische und rechtsradikale \u00c4u\u00dferungen sind nicht erw\u00fcnscht und werden entsprechend geahndet.<\/li><li>Sei. kein. Arsch.<\/li><li>Habt Spa\u00df! =)\u00a0<\/li><\/ul><p>Die Legendenr\u00e4uber w\u00fcnschen euch ein sch\u00f6nes Spielerlebnis!<\/p><\/div>\n\t\t\t\t<\/div>\n\t\t\t\t<\/div>\n\t\t\t\t\t\t<\/div>\n\t\t\t\t\t<\/div>\n\t\t<\/div>\n\t\t\t\t<div class=\"elementor-column elementor-col-33 elementor-top-column elementor-element elementor-element-81716e4\" data-id=\"81716e4\" data-element_type=\"column\">\n\t\t\t<div class=\"elementor-column-wrap\">\n\t\t\t\t\t\t\t<div class=\"elementor-widget-wrap\">\n\t\t\t\t\t\t\t\t<\/div>\n\t\t\t\t\t<\/div>\n\t\t<\/div>\n\t\t\t\t\t\t\t\t<\/div>\n\t\t\t\t\t<\/div>\n\t\t<\/section>\n\t\t\t\t\t\t<\/div>\n\t\t\t\t\t\t<\/div>\n\t\t\t\t\t<\/div>\n\t\t","protected":false},"excerpt":{"rendered":"<p>Regeln Um ein sch\u00f6nes Spielerlebnis zu haben sind gewisse Regeln notwendig: Bel\u00e4stigung von Mitspielern wird nicht geduldet! Es ist eine Hauptbase und ein Au\u00dfenposten (8x8Foundations\/10W\u00e4nde hoch) erlaubt.&nbsp; Es ist nicht erlaubt Werbung f\u00fcr andere Server\/Communities zu machen. Bitte bebaut nur so viel Land, wie ihr braucht. Entfernt eure alte Base nach einem Umzug (m\u00f6glichst z\u00fcgig)&hellip; <br \/> <a class=\"button small blue\" href=\"https:\/\/Legendenraeuber.de\/?page_id=66\">Weiterlesen<\/a><\/p>\n","protected":false},"author":1,"featured_media":0,"parent":31,"menu_order":1,"comment_status":"closed","ping_status":"closed","template":"elementor_header_footer","meta":[],"_links":{"self":[{"href":"https:\/\/Legendenraeuber.de\/index.php?rest_route=\/wp\/v2\/pages\/66"}],"collection":[{"href":"https:\/\/Legendenraeuber.de\/index.php?rest_route=\/wp\/v2\/pages"}],"about":[{"href":"https:\/\/Legendenraeuber.de\/index.php?rest_route=\/wp\/v2\/types\/page"}],"author":[{"embeddable":true,"href":"https:\/\/Legendenraeuber.de\/index.php?rest_route=\/wp\/v2\/users\/1"}],"replies":[{"embeddable":true,"href":"https:\/\/Legendenraeuber.de\/index.php?rest_route=%2Fwp%2Fv2%2Fcomments&post=66"}],"version-history":[{"count":8,"href":"https:\/\/Legendenraeuber.de\/index.php?rest_route=\/wp\/v2\/pages\/66\/revisions"}],"predecessor-version":[{"id":430,"href":"https:\/\/Legendenraeuber.de\/index.php?rest_route=\/wp\/v2\/pages\/66\/revisions\/430"}],"up":[{"embeddable":true,"href":"https:\/\/Legendenraeuber.de\/index.php?rest_route=\/wp\/v2\/pages\/31"}],"wp:attachment":[{"href":"https:\/\/Legendenraeuber.de\/index.php?rest_route=%2Fwp%2Fv2%2Fmedia&parent=66"}],"curies":[{"name":"wp","href":"https:\/\/api.w.org\/{rel}","templated":true}]}}